, -u - 3*u = -4. What are the prime factors of g?
2, 5
Let d = 340 - 274. What are the prime factors of d?
2, 3, 11
Suppose -8 = -2*p, -10 = 2*v + 2*p - 4. Let x(d) = 11*d - 14. Let t(u) = -5*u + 7. Let b(c) = 9*t(c) + 4*x(c). What are the prime factors of b(v)?
2, 7
Let v(f) = f**2 + f. Let c be v(0). Suppose c*l - 3*l = -96. List the prime factors of l.
2
Let b = -987 + 1802. List the prime factors of b.
5, 163
Let j(z) = 29*z + 5. Let m be j(9). Let r be (-2)/9 + m/63. Suppose 3*q + 0*q - 5*g = 154, 3*q + r*g = 163. What are the prime factors of q?
53
Let f = -933 - -2065. What are the prime factors of f?
2, 283
Suppose -819*q = -825*q + 2514. What are the prime factors of q?
419
Let y be (1/(-4)*6)/(6/(-1928)). Suppose -470 = -4*j + y. What are the prime factors of j?
2, 7, 17
Let a(w) = -w**3 + 6*w**2 - w + 8. Let g be a(6). Let t(q) = 2*q**2 - 4*q + 4. Let o be t(g). List the prime factors of (-114)/o*(9 - 11).
3, 19
Suppose 2*z - 25 = 1. Let o be 2/(-4)*(z - 11). Let p(v) = -63*v - 1. What are the prime factors of p(o)?
2, 31
Suppose -61*j + 56*j = -4990. List the prime factors of j.
2, 499
Suppose -2*n = h + 69, 2*n + 3*h + 72 = h. Let i be ((-165)/(-12))/((-1)/4). Let l = n - i. What are the prime factors of l?
2, 11
Let y(o) = 34*o + 19. Let h be y(6). Suppose 4*m - 121 = -w, 5*w - m - 424 - h = 0. List the prime factors of w.
3, 43
Let t = 210 - 24. Let o = 317 - t. List the prime factors of o.
131
Let o be (9/6)/((-5)/((-40)/(-6))). What are the prime factors of o + (-3 - -136) + -4?
127
Suppose -2*c - 4 = -0, 2*q + 2 = -c. What are the prime factors of ((-10)/25 - q)*-205?
2, 41
Let m be (1 - 2)/((-4)/112). Let p = m - 5. What are the prime factors of p?
23
Suppose 0 = -6*k + 17*k - 14795. What are the prime factors of k?
5, 269
Let j(o) = o**3 - 358. Let t be j(0). Let i = t + 501. List the prime factors of i.
11, 13
List the prime factors of -5 - -1 - 0 - -1037.
1033
Let k be (10/(-3))/((-20)/(-30)). List the prime factors of (0 - k)*(208/20 + -4).
2
Suppose 367 = 3*j + 220. What are the prime factors of j?
7
Suppose -3*v + 55 = -4*u, v - 35 = 3*u - 5*u. List the prime factors of v.
5
Let l(n) be the second derivative of 13/20*n**5 - 3*n + 1/6*n**4 - 1/2*n**3 + 0 + n**2. What are the prime factors of l(1)?
2, 7
Let m be ((-10)/1 - 0)/1. Let i = -11 + 32. Let w = i + m. List the prime factors of w.
11
Let q(s) = 2*s + 2. Let i be q(-5). Let k = i - -11. Suppose 0 = -z + k*z - 54. What are the prime factors of z?
3
Suppose 4*h - 5146 = -f + 12233, 4*h - 5*f = 17361. List the prime factors of h.
2, 3, 181
Suppose -1895 = -5*y + 5*a, -5*a + 288 + 1228 = 4*y. Suppose 4*l - o = 2*o + 302, 0 = -5*l + 3*o + y. Let f = l + -51. List the prime factors of f.
2, 13
Suppose -18*g + 6160 = -13820. List the prime factors of g.
2, 3, 5, 37
Suppose 5*c = -l + 103 + 3, c + 94 = l. Let j = l + -53. List the prime factors of j.
43
Let c = 19 - 14. Let g be -1 - 0 - (1 - 30). Let j = g + c. List the prime factors of j.
3, 11
Suppose 3*p = -o + 2*o + 681, 4*p - 3*o = 908. List the prime factors of p.
227
Let z be (-2)/(-1) - (2 + -61). Suppose 99 = 4*l + 4*i - 193, -l + 5*i + z = 0. List the prime factors of l.
71
Suppose 2*b - 28 - 38 = 0. Suppose -3*i = -r - 40, 0*i - 41 = -3*i + 2*r. Let o = b - i. What are the prime factors of o?
2, 5
Let j(a) = 5*a + 6. Let v = 15 + -10. What are the prime factors of j(v)?
31
Let p be -15*2/12*-4. Suppose -5*t + p = 0, -45 = -3*z - 5*t + 25. Suppose 46 - z = f. What are the prime factors of f?
2, 13
Let k(l) = 3*l + 6*l + 4 + 0*l - l**2. Let o = 13 - 8. What are the prime factors of k(o)?
2, 3
Let h = -150 + 156. Let q(a) = -2*a**2 - a - 1. Let k be q(-1). Let z = h - k. List the prime factors of z.
2
Let q = 419 - -258. List the prime factors of q.
677
Suppose m - 4 = -m. Let n = 20 + -14. Suppose -n = -s - m. List the prime factors of s.
2
Suppose 4*z + 5*a = 7*a + 6560, -5*z = -a - 8194. What are the prime factors of z?
2, 3, 7, 13
Let h = 372 - 192. What are the prime factors of 21/(-6)*h/(-35)?
2, 3
Let a = -1590 + 3550. What are the prime factors of a?
2, 5, 7
Suppose 10 = -4*w - 50. Let u be (6/(-18))/(1/w). Suppose -5*s - u*c = -90, 3*c - 92 = -5*s - 0*c. What are the prime factors of s?
19
Let r(a) = 4*a**3 - 89*a**2 + 31*a + 30. List the prime factors of r(22).
2, 3, 19
Let x = 105 - -21. What are the prime factors of x?
2, 3, 7
Suppose -23*m = -19789 - 704. What are the prime factors of m?
3, 11
Let r(z) = 6*z - 31. Let v be r(6). Suppose -2*q = 2*q - t - 1080, t + 1351 = v*q. What are the prime factors of q?
271
Let p(f) = -f**3 + 4*f**2 - 2*f. Let t be p(3). List the prime factors of (48/(-10) - -4)*(-232 - t).
2, 47
Let y be ((-30)/(-9)*-3)/(-2). Suppose 5 = 5*l - 10. Suppose 3*q + 43 = -c + l*c, -5*q - y = 0. List the prime factors of c.
2, 5
Suppose -4*i - 137 = -6*i + 3*a, -i + 68 = -2*a. Suppose 5*x - 66 = 5*r + 14, -2*r = 4*x - i. Suppose -2 = 5*f - x. List the prime factors of f.
3
What are the prime factors of -1723*(23/69)/(2/(-6))?
1723
Let d = -16 + 177. Suppose 4*g - d = -3*g. What are the prime factors of g?
23
What are the prime factors of (2 - -2)/((-24)/(-9780))?
2, 5, 163
Let a(r) = -r - 11. Let k be a(-14). List the prime factors of ((-91)/28)/(k/(-36)).
3, 13
Let z be (-2)/(-13) - 4554/26. Let y = z - -335. Let s = y - 91. List the prime factors of s.
3, 23
Let u(f) = f - 16. Let h(x) = 14*x**2 + 2*x + 1. Let c be h(-1). Let o be u(c). What are the prime factors of (o/(-1))/((-1)/(-1))?
3
Let s be 4/6 + 4 + (-262)/(-3). Suppose 4*d - 360 - s = 0. What are the prime factors of d?
113
Suppose -3*l + 2*r - 4*r + 1290 = 0, -5*r = 4*l - 1720. What are the prime factors of l?
2, 5, 43
Suppose -3*k = -7*k + 56. List the prime factors of (k/(-21))/(2/(-177)).
59
Let c(a) be the second derivative of -53*a**3/6 - 48*a**2 + 5*a + 7. List the prime factors of c(-6).
2, 3, 37
Let u(t) = -11*t**3 - 2*t**2 + 1. Let k be (-1)/(-1*(-5)/10). What are the prime factors of u(k)?
3
Let g = 43 - 41. Suppose x = g*x - 34. What are the prime factors of x?
2, 17
Suppose 6*j - 2*j = 2*h + 26, -2*j - 3*h - 7 = 0. Let i be (-2)/17 - ((-749880)/(-153))/(-10). List the prime factors of j/10 - i/(-25).
2, 5
Let x = -268 - -782. What are the prime factors of x?
2, 257
Let t(w) = 1. Let n(b) = -5*b**2 + 13*b - 23. Let d(g) = -n(g) - 4*t(g). What are the prime factors of d(6)?
11
Suppose -4*u + 2*w + 26 = 0, 0 = -u + 2*w + 3 - 1. Let o = -50 - -49. Let b = u + o. List the prime factors of b.
7
Let j(u) = 186*u - 9. List the prime factors of j(26).
3, 1609
Let i(w) = 10*w**3 + 4*w**2 - 5*w + 3. Let l be (-7 + 6)*-1*(3 - 1). What are the prime factors of i(l)?
89
Let b be 7/(-2)*44/(-77) + 7. Let k = -5 + 9. Suppose k*v = -16, 5*v = 4*q - b*q + 65. What are the prime factors of q?
17
Let o(b) = 2*b - 2*b**2 + b - 6*b - 3*b + 2*b**3. What are the prime factors of o(3)?
2, 3
Suppose -20 - 8 = -14*f. Suppose -3*x - 5*s + 286 = 0, -5*x + 415 = -f*s - 2*s. List the prime factors of x.
3, 29
Let q = -2597 + 4527. List the prime factors of q.
2, 5, 193
Suppose -5*c = -0*c + 2*c. Suppose c = 4*l - 0*l + 5*j - 362, 0 = -4*j + 8. What are the prime factors of l?
2, 11
Let a(f) = -4*f**3 + 0*f**3 - 19 + f**2 + 3*f**2 + 10. List the prime factors of a(-4).
311
Suppose -o - 2*o - 9 = 0. List the prime factors of 8/3 + (-1)/o.
3
Let c = 8 + 2. Let o = 20 - c. Suppose -4*v + o = v. What are the prime factors of v?
2
Let r be 15/30 + 7/2. Suppose -3*a + 120 = a - r*l, -l = a - 24. What are the prime factors of a?
3
Let o = 5 - -5. Suppose 6 = 4*z - o. Suppose 0*a + 8 = z*a. List the prime factors of a.
2
Let t(r) = -16*r**3 + r + 1. Let y be t(-1). What are the prime factors of 406/y - (-54)/(-144)?
5
Let g(p) = -p**2 - 10*p + 7. Let w be g(-6). Let n = w + 2. Let u = -28 + n. List the prime factors of u.
5
Suppose 5*g - 217 - 1118 = 0. What are the prime factors of g?
3, 89
Suppose 605*q - 599*q = 19134. What are the prime factors of q?
3, 1063
Suppose 0*n = -b - 4*n + 1012, -4*n = -4*b + 4088. What are the prime factors of b?
2, 3, 5, 17
Let l(a) = -37*a - 244. What are the prime factors of l(-28)?
2, 3, 11
Let z = -116 + 886. List the prime factors of z.
2, 5, 7, 11
Let h = 33 + 67. Let p = h - 64. Suppose -2*o + f = -p - 2